by h?
5
Calculate the remainder when 389 is divided by 11 - (-742)/(-70) - (-1918)/20*4.
5
Let b = -161 + 230. Let y(o) = -10*o**2 + 52*o + 62. What is the remainder when b is divided by y(6)?
13
Let o(m) = 5*m**2 - 118*m - 78. Let b(y) = 2*y**3 + y**2 + y + 8. Calculate the remainder when b(6) is divided by o(25).
94
Let k be (-2)/(-6)*(-156)/(-13). Let n be -6*(k - (-26)/(-6)). What is the remainder when 87 is divided by 22*(0 + n)*(-3)/(-6)?
21
Let f = 1814 - 1764. Let n(u) = -u + 13. What is the remainder when f is divided by n(-6)?
12
Suppose r = -x + 6629, 3*r = -5*x + 6019 + 27136. Calculate the remainder when (-72)/540 + x/30 is divided by 15.
11
Let m(d) = -9*d**3 - 1. Let o be ((-4)/6)/(6/9). Let i = -136347 + 136402. What is the remainder when i is divided by m(o)?
7
Calculate the remainder when 321 is divided by (-23)/(-24) - 306/(-1836) - 2/16.
0
Let o(x) = -3*x**2 + 123*x + 56. Calculate the remainder when 573 is divided by o(41).
13
Suppose 0*f + 132 = 5*f + 3*j, 0 = f + j - 30. What is the remainder when 401 is divided by f?
2
Let k be 28*4/32*-2. Calculate the remainder when k*5/(70/(-572)) is divided by 16.
14
Suppose 5 = 4*z + 5*o, -3*z - 2*o + 6 = 4. Suppose z*p = 5*p - 5*y - 25, -3*p = 2*y - 5. Let c = -8 + 34. What is the remainder when c is divided by p?
2
Suppose 0 = -3*d + 3*v + 123, -3*d + 123 = 2*v + 3*v. Suppose y - 2*z - d = 44, 0 = -2*y + 5*z + 175. Calculate the remainder when y is divided by 7.
5
Calculate the remainder when 774 is divided by 57 + -49 - 10/2.
0
Let t(m) = 208*m**2 - 331*m + 1006. Calculate the remainder when t(3) is divided by 36.
13
Suppose 8*x - 1354 - 1286 = 0. Suppose -x = -15*d - 0*d. Suppose -122 = -2*b - d. What is the remainder when b is divided by 13?
11
Let k = -6995 - -7081. Let s = 35 - 19. Calculate the remainder when k is divided by s.
6
Suppose -2*g + 131 = -3*f, -f - 3*f - 172 = -2*g. Let m = 92 - 22. Let h = m + f. What is the remainder when 56 is divided by h?
27
Let j(k) = -k**2 + 14*k + 3. Let i be j(13). Suppose 4*u = -8, 3*u = 7*p - 2*p - i. Suppose p*q = -q + 108. What is the remainder when 107 is divided by q?
35
Let z(l) = -12*l + 3999. Calculate the remainder when z(20) is divided by 10.
9
Let x = -13 + 44. What is the remainder when 1 + 30/(-33) + 2034/11 is divided by x?
30
Suppose 0*i + a - 33 = 5*i, -4*i - 2*a - 18 = 0. Let q(r) = r**2 - 14*r + 40. What is the remainder when q(i) is divided by 54?
52
Let c(u) = -354*u**3 + 4*u**2 + 137*u + 253. Calculate the remainder when c(-2) is divided by 101.
100
Let w = -2 + 8. Suppose 2*h + 304 = w*h. Suppose 0 = -5*n + 2*f + 28 + 108, -5*n - 3*f = -121. What is the remainder when h is divided by n?
24
Let p be (4/7)/(2 + 84/(-49)). Suppose 5*i + 2*c - 601 = 0, 6 = -c + 4. Suppose i = p*a - 127. What is the remainder when a is divided by 21?
19
Suppose 468*q - 20972 = 272*q. Calculate the remainder when q is divided by 6.
5
Suppose 2*o = -2*a - 422, -a + 4 - 1 = 0. Let x = 10 - o. What is the remainder when x is divided by 15?
14
Let k(j) = 5 + 0 + 238*j**2 - 237*j**2 - 9*j. Calculate the remainder when k(10) is divided by (2 - 1) + -23 + 28.
3
Suppose -l = l - 3*b - 4, 0 = -5*l - 4*b - 36. Let x(o) = -2*o**3 - 10*o**2 - 19*o - 30. What is the remainder when x(-7) is divided by (-60)/(((-12)/l)/(-3))?
59
Let w = 721 + -338. What is the remainder when w is divided by 150?
83
Calculate the remainder when 448 is divided by 590/7 - 2/(-8)*(-24)/21.
28
Let h(t) = 26*t**2 - 2*t + 0*t**3 + 3*t**3 - 24 - 2*t**3. Let a be (-399)/15 - (-5)/((-75)/(-9)). Calculate the remainder when 138 is divided by h(a).
26
Let h(j) = -j**2 + 9*j - 3*j - 4*j - 8*j + 78. What is the remainder when 251 is divided by h(5)?
21
Let k(w) = 66 - 49 + 114 - 4*w. What is the remainder when k(-22) is divided by 74?
71
Let h = -780 + 827. Calculate the remainder when 151 is divided by h.
10
Let f(h) = 2*h**2 + h - 1. Suppose 342*c - 562*c + 5720 = 0. Calculate the remainder when c is divided by f(-2).
1
Suppose -9*i - 835 = 2. Let p = 97 + i. Suppose o + p*b = 3, -6*b - 15 = -o - 4*b. Calculate the remainder when 76 is divided by o.
10
Suppose 15*v - 36*v = -2849 + 1043. Suppose 0 = -0*o - 5*o - 3*b + 122, 3*o - 2*b - 58 = 0. What is the remainder when v is divided by o?
20
Let m(u) = u**2 - 22*u + 37. Let y be m(20). Let w = -4 + y. Let c(r) = r**2 + 8*r + 13. Calculate the remainder when 7 is divided by c(w).
1
Suppose 24*w = 11*w - 2821. Let j = w - -228. Calculate the remainder when 21 is divided by j.
10
Suppose -40*z - 37*z + 87*z - 690 = 0. Suppose 3*a + 3*r = 515 + 919, 0 = 3*a - 2*r - 1444. Calculate the remainder when a is divided by z.
66
Let j = 4751 + -4432. Calculate the remainder when j is divided by 47.
37
Let b(m) = -m. Let j be b(-2). Let x be (44/5)/(j/10). Let f = x - 28. What is the remainder when 63 is divided by f?
15
Let j be (-3 + (-1 - (-12)/4))/(-1). Let w = 78 + j. Calculate the remainder when w is divided by 28.
23
Let c be 6 + (6 + -5)*(-1 + 687). Let x = c - 680. What is the remainder when 42 is divided by x?
6
Let l = 22 + -27. Calculate the remainder when 132 is divided by l/35 + (-717)/(-21).
30
Let n(c) = 105*c**3 - 2*c + 2. Let t = -426 - -448. Calculate the remainder when n(1) is divided by t.
17
Suppose -1293 = 6*d - 7*d + 13*b, -6589 = -5*d + 3*b. What is the remainder when 3967 is divided by d?
10
Suppose 5*i - 4*b + 1564 = 274, 0 = 4*i - 5*b + 1041. Let r(h) = 3*h**2 - 5*h + 4. Calculate the remainder when i/(-9) - (-32)/(-144) is divided by r(2).
4
Suppose 7*s - 1558 = 101. Suppose -25*y + 163 = -s. What is the remainder when y is divided by 11?
5
Let w be (140/8)/5 - 3/6. Suppose -w*i + 4*t - 45 = -159, 0 = 4*t. What is the remainder when i is divided by 24?
14
Let t(f) = f**3 - 6*f**2 + 6*f + 10. Let v be t(5). Calculate the remainder when v + 209 + (-2)/1 is divided by 28.
26
Suppose -9*x = -x - 4600. Suppose 2*g + 3*n = 1145, 0*n - n = g - x. Suppose -4*b = b - g. What is the remainder when b is divided by 17?
14
Let q(f) = 43*f**2 + 2*f + 3. What is the remainder when q(2) is divided by (19 - 8)/(1/5)?
14
Suppose -y + 70 = y - 2*j, y = 4*j + 41. Let r = y + -21. Calculate the remainder when ((-66)/(-1))/(-6 + 8) is divided by r.
9
Let j(m) = -m**2 + 10*m + 25. Let i be j(11). What is the remainder when 4151/49 + 4/i is divided by (-4)/4 + 26 - 3?
19
Let a(q) = 12*q - 1. Calculate the remainder when (-5 + (117 - -54))/1 is divided by a(2).
5
Let k(i) = -39*i. Let w be k(-1). Suppose -10*o = 19 - w. Suppose 3*m - o - 88 = 0. What is the remainder when m is divided by 11?
8
Let x = 57 - 22. Suppose 0 = -95*w + 464*w - 3216 - 105. Calculate the remainder when x is divided by w.
8
Let k(h) = -h**3 - 13*h**2 + 4*h + 55. Let u be k(-13). Calculate the remainder when 238 is divided by ((-4)/12)/((u + -6)/216).
22
Suppose 0 = -22*m + 15*m. Suppose 24*d - 99 - 429 = m. Let r = 232 + -145. What is the remainder when r is divided by d?
21
Let r = 198 - 140. Suppose 0 = 5*f + 10, -5*f - 84 = x - 7*f. Let y = 108 + x. What is the remainder when r is divided by y?
18
Let y be (6/5)/((-24)/(-3560)). Let j = -125 + y. What is the remainder when j is divided by 28?
25
Let p(n) = -9*n + 758. What is the remainder when 645 is divided by p(49)?
11
Let z(a) = 2*a + 426. Let n be z(-16). Suppose 0 = 7*p - 145 - n. What is the remainder when p is divided by 17?
9
Let q = 184936 + -184932. Suppose -5*u + 109 = -76. What is the remainder when u is divided by q?
1
Suppose 5*l = 2*l - 108. Let r = l + 64. Calculate the remainder when r is divided by 12871/854 - (-2)/(-28).
13
Suppose s - 64*c + 66*c = 1, s - 1 = 3*c. What is the remainder when 1193 is divided by s?
0
Let k be 14 - (-4 - (-3 - 2)). Let v = k - 12. Calculate the remainder when 23 is divided by (-72)/2*v/(-3).
11
Let t(x) = -3*x**3 + 144*x**2 - x + 37. Let z be t(48). What is the remainder when 67 is divided by -7 + 5 - 0 - z?
4
Let b = 189 - 170. Suppose -b*f + 54 = -f. Calculate the remainder when 9 is divided by f.
0
Let w be 5/2*162/135. Suppose -w*o - 4 = -7, 3*l = -2*o + 170. Calculate the remainder when l is divided by 12.
8
Let q = 1242 + -1229. Let g be (1 + 227)*4/6. Suppose g = n + n. Calculate the remainder when n is divided by q.
11
What is the remainder when 24